o) be the second derivative of 2*o**2 + 1/6*o**3 + 0 - u*o. What is k(-5)?
-1
Let g(c) = -c**3 - 10*c**2 - 17*c - 6. Let p be g(-8). Let z(h) = 17*h**2 - 10*h**2 + 5*h - 5*h**p + 3*h - 4. Determine z(-6).
20
Let q(o) = 2*o + 2. Suppose n - 10 = -3*f - 0*f, 18 = n + 5*f. Let g be (-17)/(-17) - 2/(-1). Let l be 1*(3*n)/g. Calculate q(l).
-2
Let a(g) = -2*g**2 + g + 7. Let u be a(3). Let n(f) = f**2 + 8*f - 4. Calculate n(u).
-4
Let g = -4066 + 4072. Let r(k) = -4*k - 3*k**2 + 4*k**2 - k + 7. Determine r(g).
13
Suppose -196 = -20*y - 136. Let k(s) be the second derivative of 7/2*s**2 - 1/6*s**y + 0 + s. Calculate k(6).
1
Let h(a) = a**3 - 15*a**2 - 22*a - 209. Let o be h(17). Let l(g) = g**2 + 6*g + 14. Determine l(o).
9
Let m be 45/(-10) + (18/4)/3. Suppose 0 = d - w - 6, -5*d - 2*w = -5*w - 22. Let b(t) = -t**3 + d + 3*t + 5*t**3 - t**2 - 5*t**3. Give b(m).
11
Let o(y) = -y**3 + 15*y**2 - 15*y + 13. Suppose 0 = 45*m + 211 - 841. Calculate o(m).
-1
Let x be ((-220)/165)/((-2)/12). Let v(w) = -w**2 + 5*w + 24. Give v(x).
0
Suppose 7*f - 5*f = 4, 0 = -4*u - 3*f + 26. Let b(s) be the second derivative of -1/4*s**4 - 2*s + 0 - 1/2*s**3 + 0*s**2 - 1/20*s**u. Give b(-3).
9
Let g(y) be the third derivative of -y**4/4 - y**3/3 + y**2 + 544. Suppose -2*r + 5 = -1. Give g(r).
-20
Let u(y) = -2*y + 7. Suppose 9 = 2*v + 25. Let f be (70/(-56))/(2/v). What is u(f)?
-3
Let v(a) = a + 2. Suppose 4*f - 27 - 29 = 0. Let c = f - 10. Suppose 4*m + 9 - 1 = c*h, -8 = 4*m + 2*h. What is v(m)?
0
Let r(q) = -2*q**3 - 4*q**2 + 3. Let c(t) = 2*t**3 + 4*t**2 - 3. Let i(h) = -6*c(h) - 5*r(h). Suppose -5*y + z = 11, 5*z + 17 = -0*y + y. What is i(y)?
21
Let x(y) = y**2 + 5*y + 6. Let w be x(-4). Let l(g) = g**2 + 2*g + 3. Let p be l(-2). Let j(i) = -5*i - p*i + i - 1 - 1. Determine j(w).
-16
Let i(o) = 4*o**2 - 18*o - 32. Let r(q) = -3*q**2 + 17*q + 29. Let j(h) = 2*i(h) + 3*r(h). Give j(16).
7
Let z(v) = -v**2 + 2*v + 3. Suppose 3*g = i - 6, 0*g + 2*g = 3*i - 4. Let a be z(g). Let s(x) = 7 - 5*x**2 - 3*x**3 + 4*x**3 - 2*x**3. Determine s(a).
7
Let t(m) = 10*m**2 + m + 1. Let p(l) = -l**2 - 6*l - 2. Let h(s) = 2*s**2 + 11*s + 3. Let d(n) = -4*h(n) - 7*p(n). Let g be d(1). Determine t(g).
10
Suppose -10*a + 9 = -i - 6*a, 3*a - 3 = 2*i. Let u = 7 - 2. Suppose 4*h + u*x + 28 = 0, -7*x - 16 = -i*x. Let f(k) = -k**3 - k**2 + 3*k + 1. What is f(h)?
-1
Let h be 1/((-285)/(-70) + -4). Let l(z) = h*z - 33*z + 4 + 17*z. Give l(5).
-6
Let o(l) = -2*l**3 + 3*l**2 + 2*l + 5. Let a be o(3). Let y be (-57)/(-12) - 4/a. Let g(j) = j. Give g(y).
5
Suppose 0*j - 5*j - 5 = 0. Let l(r) be the second derivative of 4*r**3/3 - r**2/2 - 16*r. Calculate l(j).
-9
Suppose -3 = -4*y - 3*w, 2*y + 0*y - 9 = w. Let t(o) = 1 - o + 15*o**y - 16*o**3 - 5. Calculate t(0).
-4
Let j(w) = 26*w - 49. Let t(c) = 41*c - 74. Let q(d) = -8*j(d) + 5*t(d). Determine q(9).
-5
Let p(u) = -u**3 + 8*u**2 - 3*u - 18. Let n be p(7). Let x(a) = a**2 + a. Let l(j) = -7*j**2 + 3*j + 7. Let w(g) = l(g) + 6*x(g). What is w(n)?
-3
Let q(b) = 0*b + 6*b**3 + 4*b**3 + 2*b - 5*b**3 + 6*b**2 - 4*b**3. Calculate q(-5).
15
Let w(a) = a**2 + a + 4. Let l = 413 - 413. What is w(l)?
4
Let u(h) = 14*h**2 - 3*h - 4. Let s(j) = 29*j**2 - 7*j - 9. Let z(q) = -3*s(q) + 7*u(q). Let l(a) = -a**2 + 13*a - 29. Let b be l(10). What is z(b)?
10
Suppose 289*k - 210 = 319*k. Let l(y) = -7*y - 43. What is l(k)?
6
Let r(m) = m. Let s(f) = 3*f + 110. Let p be s(-39). What is r(p)?
-7
Let j(d) = -d**3 - 4*d**2 - 2*d + 2. Let b(g) = g**3 - g**2 - 5*g + 4. Let t be b(2). Calculate j(t).
-2
Let a(b) be the third derivative of -b**4/24 + b**3/2 + 4*b**2 + 4. Determine a(8).
-5
Let l be (2 - 4)/(8/(-76)). Suppose -18*a + l*a = -6. Let w(s) = -s**3 + 5*s**2 - 8*s + 2. Let v(q) = q**3 + q - 1. Let j(y) = -2*v(y) - w(y). Calculate j(a).
0
Let r = 1329 - 1338. Let g(p) = -p**3 - 10*p**2 - 13*p - 37. What is g(r)?
-1
Let s(z) = -2*z**2 - 37*z - 63. Let b be s(-17). Let q(a) = -2*a - 19. Give q(b).
5
Let h be (-6)/21 - 120/21. Let g be (-3)/h + (-5)/(-2). Let b(y) be the second derivative of -y**3/3 - 2*y**2 + 23*y. Give b(g).
-10
Let v(h) = -h**3 - h**2 + 2*h + 3. Let k = 12 - 10. Suppose k*s + 6 = 2. Give v(s).
3
Let r be (-99)/264 + (-3)/(-8). Let g(f) = f**3 - f**2 + 2*f + 2. Give g(r).
2
Let s(i) = -2*i**2 + 2*i + 1. Let j(c) = c**2 + 2*c. Let p(t) = -t**3 - 17*t**2 - 1. Let l be p(-17). Let a be j(l). Give s(a).
-3
Let n(h) = 3 + 3*h - 6*h + h - 18 - 2*h. Determine n(-5).
5
Let y(g) = -7*g - 25. Let t(c) = -8*c - 27. Let n(d) = 5*t(d) - 6*y(d). Determine n(-11).
-7
Let f(n) = -n**3 - n**2 + 6. Let j(i) = i**3 + 4*i**2 - i - 7. Let l(p) = 3*f(p) + 2*j(p). Let y = -1 + 5. Calculate l(y).
12
Let f(o) = o - 6. Suppose 5*i = 4*i + 50. Suppose i = -a + 6*a + 5*g, 5*a + g = 30. Determine f(a).
-1
Let y(b) = b**2 - 10*b + 5. Let m be (-1 + -1 - -10) + -68 + 70. Calculate y(m).
5
Let g = 8 - -78. Let d = -87 + g. Let u(h) = 8*h**2. What is u(d)?
8
Let o(p) = p**2 - 4*p + 6. Suppose -2*g = 2*y + 29 - 39, -16 = -5*y + 4*g. Determine o(y).
6
Let h be (-16)/(-5) + 2/(-10). Let y(f) = 2*f**3 + f**3 - f**2 - 6*f**h + 1. Suppose -3*u - 5*l + 2*l - 6 = 0, 0 = -2*l - 2. What is y(u)?
3
Let v(q) = 2*q**2 - 3*q + 3. Let b be 168/10*140/56. Let y be (3/(-4))/(b/(-112)). Give v(y).
5
Let c(g) = -2*g**3 + 14*g**2 + 7*g + 6. Let l(a) = a**3 - 13*a**2 - 8*a - 6. Let j(k) = -2*c(k) - 3*l(k). Suppose 0*o = -2*o - 20. Determine j(o).
6
Suppose -5*m + 70 = -15. Let y(s) = 9*s + m*s - 24*s + 1 + 6*s**2. What is y(-1)?
5
Let o(z) = -3*z + 6. Let i(h) = -6*h + 2. Let q be i(2). Let b = q + 18. Suppose -4 - b = -3*n. Give o(n).
-6
Let x(g) be the first derivative of 3*g**2/2 - 3*g + 22. Give x(-3).
-12
Let b = 5 - 7. Let s be b + 2/3*-6. Let l(r) be the third derivative of r**6/120 + r**5/12 - r**4/6 + 5*r**3/6 + 2*r**2 + 99. Determine l(s).
-7
Let l(q) = -874 + 439 - 3*q + 425. Calculate l(-7).
11
Let i(j) = 4*j + 11. Let p = -533 - -530. Determine i(p).
-1
Let n(o) = 85*o + 8 - 5*o**2 - 90*o + 3*o**2 + o**2. Give n(-6).
2
Let m(h) = h**3 + 11*h**2 - h - 16. Let g = -82 + 71. Determine m(g).
-5
Suppose 21*c + 10 = -5*s + 16*c, -2*c = -s - 2. Let k(t) = 0 + 2*t - 7*t + t - 3 - 2*t**2. What is k(s)?
-3
Suppose 0*l = -5*b - 3*l + 30, -3*l = -15. Let v(t) = t**3 + 2*t - 5. Let y(r) = -5*r**3 - r**2 - 12*r + 27. Let a(u) = -11*v(u) - 2*y(u). Calculate a(b).
-2
Let u(v) = -6*v + 1. Let z(l) = 33*l - 2. Let g(b) = 5*u(b) + z(b). Determine g(2).
9
Suppose -5*u = -0*u - 50. Let a = u + -16. Let b(d) be the first derivative of d**3/3 + 5*d**2/2 - 6*d + 1302. Determine b(a).
0
Let c be (-2)/3 - (-304)/6. Let u be (c/(-15))/(4/(-6)). Suppose 0 = -u*j + 10, -4*b + 3*b - j = 0. Let r(w) = w**3 + 2. What is r(b)?
-6
Let t(c) = 5 - c**2 - 5 - 1. Suppose -2*l = -3*x - 22, 4*x - 1 + 22 = l. Suppose -2 = l*w - 4*w. Give t(w).
-5
Let f(n) = -n**2 - 8*n - 2. Let q(r) = 3*r**2 + 18*r + 4. Let o(c) = -7*f(c) - 3*q(c). Calculate o(-2).
-10
Suppose 3*w + 17 = -2*o + 4, -14 = 2*w - 4*o. Let b(f) = -5*f - 3. Calculate b(w).
22
Let w = 80281/120 + -669. Let o(k) be the third derivative of 0*k - 5*k**2 + 0 - 2/3*k**3 + 1/20*k**5 - w*k**6 + 1/12*k**4. What is o(3)?
2
Let n(h) = 3*h - 9. Let q be n(4). Suppose 3*p + 18 = q*r, p + 2*r - 4*r = -7. Let u(c) = -3 - 1 - 3*c + 2*c. Determine u(p).
1
Let l be (23 - 16)*(1 - -2 - 4). Let h(v) = -v**2 - 6*v + 7. Calculate h(l).
0
Let j(x) = -x**3 + x**2 - 2*x + 1. Let d(u) be the first derivative of -u**2/2 + 18*u + 5. Let i be d(13). Let l = 7 - i. Determine j(l).
-7
Suppose -4*y = -y - 4*g + 29, -g = -5. Let f(j) = 3*j**2 - j - 3. Give f(y).
27
Let l(t) = t**3 + 3*t**2 - t. Let i be 1 + (2 + -3 - -21). Let z = i + -11. Let n be 1*5/(z/(-6)). Give l(n).
3
Let x(q) = -q - 8. Let z(a) = 2*a + 9. Let y be z(-7). Let v be (y - -4) + (1 - -4). Let b be (-3)/v*(11 - 3). Give x(b).
-2
Let p(u) = -3*u + 1. Suppose 3*b = 4 + 11. Suppose 2*g = b*q, -q - 4*g - 17 = -g. Give p(q).
7
Let a(i) = -10 + 2 + i + 1. Let f be a(10). Let j(s) = s**3 - 5*s**2 - s + 4. Determine j(f).
-17
Let o(h) = h**3 + 9*h**2 - 2*h - 12. Let g(z) = 2*z**3 + 13*z**2 + 9*z + 9. Let t be g(-6). Give o(t).
6
Suppose 3*f = -3 + 12. Let h(c) = -c**2 + c - 1. Let u(p) be the third derivative of -p**4/6 + p**3/3 - 16*